*y**2 - 15*y + 17. Let u(c) = 3*o(c) - 2*t(c). Is u(-8) composite?
False
Suppose -5*x + 0*q - 465 = 5*q, 4*x = 4*q - 348. Let o = -40 - x. Is 2/((-14)/(-2935)) - o/175 composite?
False
Let q be (-162)/12*(-2)/3. Suppose q*a = 12*a - 7818. Let t = a + -1743. Is t a prime number?
True
Let p(c) = c**3 - 22*c**2 + 19*c - 51. Let a be p(20). Let u = -286 - a. Is u a composite number?
True
Let v(d) = d**2 - 4*d + 5. Let x be v(4). Suppose x*q = 0, 2*r = -0*r - q. Suppose r = 2*p - 8*p + 8274. Is p a prime number?
False
Let s = -210 - -215. Suppose 0 = s*x - g - 9055, -3*x - 5*g = -2*x - 1811. Is x a prime number?
True
Let p = 0 + -4. Let k(b) = -b**2 - 3*b - 31. Let v be k(14). Is -2 + (0 - v) + p composite?
False
Let b(s) = -535*s - 1387. Is b(-62) a prime number?
False
Let b be (-6)/(-33) + (-906)/22. Let j = b - -47. Let a(g) = 2*g**2 - 4*g - 11. Is a(j) a prime number?
True
Is (872/(-12))/((-2)/5 + 120904/302685) a prime number?
False
Is (-18 - -82)*840 + 11 a prime number?
False
Let x be (-3031880)/180 - 4/18. Let q = x - -33787. Is q composite?
False
Suppose 6414 = -16*m + 17*m. Is (-14)/(((-4)/m)/(15/45)) a prime number?
False
Let p be (-47)/(-7) - ((-128)/56 + 2). Suppose y = -p*y + 1080. Let g = y + -8. Is g a composite number?
False
Let l(y) = y**2 - 8*y + 12. Let w be l(2). Let h be (-156)/((-4)/1) + w/2. Suppose -22*r = -19*r - h. Is r a composite number?
False
Let a = 46 + -45. Suppose 2*v = -2*q + 18, 3*v + a - 8 = 2*q. Suppose v*s = 535 + 160. Is s a composite number?
False
Let w(o) = 506*o**3 + 2*o**2 + 202*o - 1827. Is w(10) a prime number?
True
Suppose b + 125 = 6*b. Suppose x + 16 = b. Suppose -6*o + x*o = 1659. Is o composite?
True
Let r(u) = u**3 - 2*u**2 - u. Let w be (8 + -9)/((-2)/4). Let d be r(w). Is (-2 - d/(-2)) + 382 a prime number?
True
Is 40634291/1546*(-12)/(-2) a composite number?
True
Let f(a) = 13*a + 63. Let s be ((-35)/(-20))/(6/48). Let p be f(s). Suppose 0 = -r - 4*k + 757, 4*r = -3*k + 2744 + p. Is r a composite number?
True
Is 1478959/33 + (-186)/(-3069) prime?
False
Suppose -150*s + 746240 = -728110. Is s prime?
True
Let h = 26 + -29. Let p be 0 + (-5 - -4) + h. Is 2*1814*(-1)/p a composite number?
False
Suppose 34*m - 459635 = 590387. Is m prime?
False
Suppose -2*h = 5*k - 65, 2*k = -3*h + 26 - 0. Is 14831/k - (-42)/273 a prime number?
False
Let f(o) = 137399*o + 1463. Is f(4) a prime number?
True
Let s be 2/(-10) + 2/((-20)/18). Let n be (-1)/2*0/s. Is ((1 - n)/((-3)/(-12333)))/1 composite?
False
Suppose 35013817 = -14674*x + 14703*x. Is x prime?
False
Let q be (-1)/(4 + 7805/(-1950)). Let i = -771 - -1151. Suppose 4*r - i = -4*d, -2*d - q = -4*r - d. Is r a prime number?
True
Let x = 45 + -48. Let i = -65 - x. Is -6 + (-1 - -4) - i prime?
True
Suppose 0 = -5*m - 328 + 343. Suppose 0 = -m*f + 3*g + 12945, -3*f - 14*g + 19*g = -12949. Is f a prime number?
False
Let s be 1/(51/(-13) - (-24)/6). Let i(a) = 27*a**2 + 7*a - 92. Is i(s) a composite number?
True
Is (-1721157 - 0)/((-27)/162 - 17/6) a prime number?
True
Suppose -3*d = -2*p - 995, -321 - 1332 = -5*d + 2*p. Suppose 4*m - 3*m = d. Is m a composite number?
True
Let x(m) = 1. Let r(u) = 4*u + 36. Let b(k) = r(k) - 6*x(k). Let s be b(-7). Is 2965/1*s/5 a prime number?
False
Let q(f) = -28*f**2 - 12*f - 40. Let h be q(13). Let z = -2450 - h. Suppose 11391 = 9*d - z. Is d a prime number?
False
Suppose 80*o = 294*o - 45456095 + 14068929. Is o composite?
False
Suppose 0 = 8*x - 17 - 15. Let r(d) = 8 + 53*d - x + 28*d + 1. Is r(4) a composite number?
True
Suppose 3*h - 2*h - 15085 = -4*c, 5*c = -3*h + 18858. Suppose -5*x - c = -56996. Is x composite?
True
Let f(c) = 5923*c**3 - 3*c**2 - 2*c + 1. Is f(1) a prime number?
False
Is ((-1)/4)/(605435870/28830280 - 21) prime?
False
Let w be 4/(-5) - 15180350/(-125). Suppose 3*g + w = 5*u, 3*g - 72850 = -3*u + g. Is u a composite number?
True
Let d = 15049 - 9103. Let z(n) = -n**2 + 18*n - 74. Let c be z(9). Suppose -13*v + c*v = -d. Is v prime?
True
Let p(n) be the third derivative of -569*n**4/8 - 5*n**3/6 - 2*n**2 - 703. Let c be 3/(3/2) - 4. Is p(c) a prime number?
False
Let l = 3 - -7. Let q(x) = -2*x**3 - x + 1. Let u(i) = i**3 + 12*i**2 - 17*i + 12. Let v(j) = q(j) + u(j). Is v(l) composite?
True
Suppose -120*x + 123*x - 27 = 0. Suppose 0 = x*s - 6*s - 4323. Is s composite?
True
Let o(r) = -2*r**3 + 6*r**2 - 2*r + 1. Let a be o(9). Let c = 2200 + a. Is c prime?
False
Suppose l - 5*u - 121 = -2*l, 0 = -4*l + u + 150. Suppose -l*m + 49547 = -477444. Is m composite?
False
Let i = 65457 - -92402. Is i prime?
False
Let m(w) = -9356*w + 147. Is m(-4) prime?
True
Let x(o) = 3319*o**3 - 3*o**2 + 69*o - 152. Is x(3) a composite number?
True
Let a = 2949 - 1968. Let z = a + -678. Is z a composite number?
True
Suppose 0 = -5*d - b + 4627567, 5*b - 163549 - 761974 = -d. Is d a composite number?
False
Suppose -26*h + 11098790 = -27565940. Is h a composite number?
True
Is ((-80)/12)/10 - (1 + (-218612)/3) prime?
True
Suppose -46154 - 375512 = -14*w. Suppose -w + 3905 = -6*h. Is h composite?
True
Suppose -3*z + 6 = -3*k, 3*z - 1 - 5 = -k. Suppose -w = z*w - 38289. Is w a prime number?
True
Let z be 2/(-8) + 0 + (-315)/4. Let u = z - -74. Let h(t) = -4*t**3 - 4*t**2 - 2*t - 13. Is h(u) prime?
True
Suppose -o + 1162 + 25474 = -3*x, -2*x - 79887 = -3*o. Is o prime?
True
Suppose -2*r - l = -1304, 3*l - 586 - 722 = -2*r. Suppose -q + r = -2*u, -5 + 1 = 2*u. Is q a composite number?
False
Suppose 0 = 43*t - 45*t - 5*z + 37103, 18534 = t - z. Is t a prime number?
True
Let f = -1138 - -1937. Let i = f + -12. Is i composite?
False
Suppose h - 2*y - 2*y - 7722 = 0, -h + y + 7731 = 0. Suppose 4*s - h = 10454. Is s prime?
True
Is -4 - 9 - 25*-155 a composite number?
True
Let x = -58 - -117. Let c(n) = -12*n + 5*n + 2 + 1 + x*n**2 - 8. Is c(-4) composite?
False
Suppose 2*n - i = 3*i + 22, -5*n = 4*i - 83. Suppose 6 = 3*c + n. Is 3/(3/c + (-78)/(-69)) composite?
False
Suppose -2*p = -5*p - 4*t + 44, -p + 2 = -5*t. Suppose -p*i = -35053 - 5471. Is i a prime number?
False
Let v(m) = -3*m**3 - 36*m**2 - 805*m + 1. Is v(-15) composite?
True
Let w(c) = -64*c**3 - 5*c**2 - 95*c + 39. Is w(-17) a composite number?
False
Let z = -375 - -395. Suppose -34 - 17 = -2*c + r, -3*r = 2*c - 71. Suppose -c*q + 14920 = -z*q. Is q composite?
True
Let m be (-8935*4/(-10))/2. Let b = m + -880. Is b prime?
True
Let s = 142 + -144. Is 83514/18 + s + 4/(-6) prime?
True
Let o be -1*1 + 14 + (-14 - -9). Let f(u) = 44*u + 25. Is f(o) a prime number?
False
Suppose -d - 2*d + 3*i + 15 = 0, -7 = -5*d - i. Let b = d - -3. Suppose 907 = g - 2*z, 3*g - b*z - 2000 = 726. Is g composite?
True
Suppose -2*b + 2*g + 2440156 = 0, -5*b = 40*g - 44*g - 6100393. Is b a composite number?
True
Suppose 0 = 20*s - 799153 - 6034227. Is s a composite number?
True
Suppose -12*d - 36 = -6*d. Is 1142330/105*d/(-4) a prime number?
True
Let b(l) = -5*l + 15. Let x be b(3). Let c be (x - -2 - -340)*117/9. Suppose -2*o + 2 = 0, 5*u - 4*o = c + 315. Is u prime?
True
Suppose 5*l - 543601 = -2*g, 205581 = 2*l + 2*g - 11851. Is l a composite number?
True
Let q(p) = 0 + 2 - p**3 + 4*p - 3*p**2 - 11. Suppose -65 = -z - b - 83, -4*b = -z - 3. Is q(z) a prime number?
False
Let l be 48/20*20/6. Suppose -6512 = -4*r + 14028. Suppose r + 2537 = l*s. Is s prime?
False
Let q be 27/5 - 6 - (-23)/5. Suppose -q*b - w = -59, -28 = -b - 2*w - 8. Suppose b*g = 18*g - 2540. Is g a composite number?
True
Suppose -1149025 = -39*b + 874459 + 1688263. Is b a prime number?
False
Let z = -2743 - -4423. Suppose -2*n - 5*i + z = 0, 5*n - 2086 = i + 2087. Suppose 0 = 4*g - 2*h - 3412, -g - 5*h + h = -n. Is g a prime number?
False
Suppose 65*w = 68*w + 390. Let o = -36 - w. Is o a composite number?
True
Let c(y) = -y**2 - 14*y + 2. Let t be c(-13). Suppose -l + 1359 = 5*g, 0 = 4*l - 13*g + t*g - 5364. Is l composite?
True
Let w = 393 - 552. Let t = w + 350. Is t composite?
False
Suppose -199042 + 55316 = 14*h - 36*h. Is h composite?
True
Suppose 8*h + 471449 = -10*h + 29*h. Is h a prime number?
True
Let f = -1139 - -3430. Is f a prime number?
False
Let s = -614591 + 1262794. Is s a prime number?
False
Suppose -2*v + 15 = 3*v. Let f = v - 5. Is 583 + (f/1 - 2) a prime number?
False
Let f(a) = a**3 - 4*a**2 - 118*a + 